1. Let t be l(6). Let i(v) = -4*v**2 - 2*v - 3. Let d be i(-1). Let c be (26 - 0) + 20/d. Calculate the greatest common factor of t and c.
11
Suppose 6 = 2*r, -2*v = -5*r - 175 - 40. Let x be 19/(19/20) - -3. Calculate the greatest common divisor of x and v.
23
Let l = -71 - -75. Suppose -5*q + 8*w + 810 = 3*w, 178 = q - 5*w. Let r = q - l. What is the highest common factor of 14 and r?
14
Suppose 3*u = 8*u + 35. Let s be (-203)/u + 1/(-1). Calculate the greatest common factor of 308 and s.
28
Let x be 4/14 - (68820/(-42))/5. What is the greatest common factor of x and 41?
41
Suppose 95 = -m + 111. What is the greatest common factor of m and 368?
16
Let a = 98 - 100. Let w be 12/a*30/(-18)*1. Suppose 10 = 4*b - 70. Calculate the highest common factor of b and w.
10
Suppose j - 23 - 56 = -2*m, 2*m - j = 73. Suppose -3*a + 5*f = -m, -a + 0*a + 22 = 3*f. Calculate the greatest common factor of a and 2.
2
Let n be (0 + 5/2)*66/3. Calculate the highest common factor of n and 10.
5
Let z(r) = 59*r**2 + 3*r - 2. Let k be z(-1). Calculate the highest common divisor of 2 and k.
2
Suppose 6*c - 2*c = 88. Let h(v) = -v**2 + 5*v - 8. Let q be h(5). Let d = 10 + q. Calculate the greatest common factor of c and d.
2
Let x = 67 + -64. Suppose 2*p + 5*m - 51 - 9 = 0, x*p - 4*m = 136. What is the highest common factor of p and 10?
10
Let o(s) = -s**2 + 3*s + 24. Let t be o(-3). Let z = -10 + 15. Suppose -z*r + 2*r = -t. What is the highest common divisor of r and 10?
2
Let w(x) = -2*x**3 + 11*x**2 + 37*x - 2. Let y be w(-3). Calculate the highest common factor of 460 and y.
20
Let u = -59 - -63. Suppose u*m - 41 - 147 = 0. Calculate the greatest common divisor of 47 and m.
47
Let t be ((-2)/2 - 2) + (0 - -3). Suppose 13*g - 17*g + 20 = t. What is the greatest common factor of 25 and g?
5
Suppose -7*v + 34*v = 5589. What is the greatest common factor of v and 552?
69
Let d(g) = -2*g**2 + 2*g + 4. Let r be d(-3). Let j(t) = 7*t - 167. Let x be j(23). Let k be -2*r/(-16)*x. Calculate the greatest common factor of 30 and k.
15
Let v(p) = -49*p + 24. Let d be v(-2). What is the highest common factor of 183 and d?
61
Let v = 550 - 490. What is the greatest common divisor of 24 and v?
12
Let a be (-8 - -9)*-10 - -346. Calculate the greatest common factor of a and 96.
48
Suppose -2*q - 3*n = 3*q - 49, -q + 17 = -3*n. Suppose -f + 3*f = -25212. Let k be f/(-143) + 2/(-13). What is the highest common factor of k and q?
11
Suppose x + g - 21 = 0, -2*g - 6 = -x + 18. Let b be ((-52)/(-12) - -1)*33/4. Calculate the highest common factor of b and x.
22
Let b = -1315 - -1490. Calculate the highest common factor of 5 and b.
5
Suppose 20*w = 51*w - 3100. Calculate the highest common factor of 125 and w.
25
Let k(l) = -l**2 - 4*l + 4. Let v be k(-7). Let d = -9 - v. Let s(p) = -p**2 + 10*p - 12. Let m be s(d). Calculate the greatest common factor of 6 and m.
2
Let x(q) = q**3 + 4*q**2 - 8*q - 8. Let k be x(-5). Let z = 14 - k. Suppose 0 = -c - 4*c + 385. What is the greatest common factor of z and c?
7
Let c be 12/(1*9/30). Let h = 12 + -11. Let o(x) = 3*x + 2. Let v be o(h). Calculate the greatest common factor of v and c.
5
Suppose -5*h = -2*a - 23, -4*a + 3 = 4*h + 7. Suppose -4*w = -4*f, -h*w + 0 = -5*f + 2. What is the greatest common divisor of 2 and f?
1
Let g(h) = 2*h**2 + 5*h - 3*h**2 + 3 + 3*h**2. Let o be g(-5). Let t be (-11)/(-3) - (-4)/12. What is the greatest common factor of t and o?
4
Let b be -4 + 4 + 2 + 2. Let d be (4 + -3)/((-2)/6). Let i be d/(-6) - 38/(-4). What is the highest common factor of b and i?
2
Suppose 0 = -5*s + 2*t + 7, -2*s + 18 = -3*t + 24. Calculate the greatest common divisor of s and 42.
3
Suppose -5*v + 0*v + 4841 = 4*x, -v + 971 = -2*x. Calculate the greatest common divisor of 204 and v.
51
Let v(w) be the first derivative of w**4/4 - w**3 - 3*w**2/2 - 9*w - 1. Let b be v(6). What is the greatest common divisor of b and 9?
9
Let m(d) = -133*d + 823. Let k be m(6). Calculate the highest common factor of k and 1075.
25
Suppose 2*o - 185 = o. Let h = o + 4. Let j be 4/8 + h/2. What is the highest common factor of j and 19?
19
Suppose 0 = -5*w + 2*w + 6. Let j(f) = 2*f**3 + 5*f + 47 + 124*f**2 - 127*f**2 - 52. Let t be j(w). Calculate the highest common divisor of t and 9.
9
Let x be 10 + (21 + 3)/(-4) + 78. Calculate the highest common divisor of 123 and x.
41
Let f(g) = 2*g**2 - 95*g + 99. Let k be f(48). Calculate the highest common divisor of 42 and k.
21
Let x be 0 + -7 + (-4 - -5). Let g be 38/6 - x/9. Calculate the greatest common divisor of 28 and g.
7
Suppose -706 = -5*p - 4*d, -4*p - 51*d + 572 = -55*d. Calculate the highest common factor of p and 923.
71
Suppose 0 = 4*z - 4*v + 2*v - 58, 2*v = -3*z + 61. Let n = -53 + 206. Calculate the greatest common factor of z and n.
17
Suppose -2300 = -41*p + 1390. What is the highest common divisor of 135 and p?
45
Let x = -20 - -11. Let g = x - -22. What is the highest common divisor of 52 and g?
13
Let m(z) be the second derivative of z**3/2 + 2*z. Suppose 0*j = -4*j + 24. Let k be m(j). Calculate the greatest common factor of 72 and k.
18
Let v(i) = 6*i + 1. Let m be v(5). Let z = 101 + -8. What is the greatest common divisor of z and m?
31
Let x be 29/5 - (-20)/(-25). Suppose -13 = -2*t + 39. Suppose 0 = 3*a - t - 4. Calculate the highest common factor of a and x.
5
Let n = -134 - -244. Let u(m) = -9*m**3 + 1. Let c be (1/2)/((-3)/6). Let k be u(c). What is the highest common divisor of k and n?
10
Suppose -2*m = 4*k - 208, -5*m + 64 = 5*k - 206. Suppose -3*j + 5*q - 28 = -4, 2*j - 4*q = -16. Let x = j + 18. What is the greatest common divisor of k and x?
10
Suppose -30 = -0*h - 2*h. Let a be (-1)/2*(-60)/10. Let t be -5*(3 - (a + 2)). Calculate the greatest common factor of t and h.
5
Let b be (-561)/(-66)*(5 - -39). Calculate the greatest common divisor of 88 and b.
22
Let n = -29 - -31. What is the greatest common factor of n and 364?
2
Let n(y) = 2*y - 15. Suppose 0 = 3*r + 5*o - 14, -3*o = 4*r - 5*r + 14. Let z be n(r). Calculate the greatest common divisor of 2 and z.
1
Suppose 2*a - 2*i = 1292, -22*i + 24*i = -4. What is the highest common divisor of 56 and a?
28
Suppose -5*a = 4 - 9. Let c be 3*12/27*-3. Let n be c/10 + (-324)/(-60). What is the greatest common factor of a and n?
1
Let g = -99 + 77. Let s = 62 + g. What is the highest common divisor of s and 16?
8
Let t = 510 + -506. Calculate the greatest common factor of 108 and t.
4
Let s be (-3580)/(-90) + (-4)/(-18). What is the highest common divisor of s and 920?
40
Suppose a + 0*a + 2 = 0, 2*u - a - 26 = 0. Let y be (-140 + (-6 - -2))*(0 + -1). Suppose -18*m + y = -14*m. Calculate the highest common divisor of u and m.
12
Let v be (-2 - -2)*3*(-1)/(-6). Suppose 3*q - 4*u - 192 = v, 0*u = u - 3. Calculate the greatest common factor of 34 and q.
34
Suppose -8*u - 231 = -11*u. Let z(p) = 3*p + 1. Let g be 10/(-6)*(-6)/5. Let c be z(g). Calculate the highest common divisor of u and c.
7
Let r be 33*(-16)/(-24) + -2. Calculate the highest common factor of r and 20.
20
Let h(b) = b**2 - 5*b + 2. Let i be h(5). Suppose -i*m - 84 = -2*s, 3*s - 154 = -0*s - 4*m. Let c = -29 + s. Calculate the greatest common factor of c and 136.
17
Suppose -20*w + 2*w = -6480. Calculate the highest common factor of w and 135.
45
Let z(v) = v**3 + 14*v**2 - 12*v + 8. Let h be z(-20). Let f be (-4)/(-10) + h/(-20). Calculate the greatest common divisor of 12 and f.
12
Let p(c) = c**2 - 38*c + 5. Let f be p(38). What is the highest common factor of f and 50?
5
Let h = -39 + 43. Let z be h/18 + (-1696)/(-144). Calculate the highest common divisor of z and 12.
12
Suppose 0 = 5*o - 4*o - 8. Suppose -d + 9 = -z, -z + 6 = 5*d - 63. Suppose d*q = 960 - 24. Calculate the highest common factor of q and o.
8
Suppose -10*l + 9*l - o + 87 = 0, -2*l + 159 = -3*o. Suppose -110 = -l*w + 79*w. Calculate the greatest common factor of w and 22.
22
Let b = 43 + -61. Let o = 34 + b. Calculate the greatest common divisor of o and 144.
16
Let z = -934 - -950. What is the highest common factor of z and 272?
16
Let f(k) = -k + 26. Let p be f(18). Let g = 10 + -5. Suppose -2 = -i + g*b + 24, 0 = -5*i - 3*b + 74. What is the greatest common factor of i and p?
8
Let p b